{"id":21,"date":"2022-02-07T15:21:58","date_gmt":"2022-02-07T20:21:58","guid":{"rendered":"https:\/\/dev.chantalpicard.com\/?page_id=21"},"modified":"2024-07-14T22:10:33","modified_gmt":"2024-07-15T02:10:33","slug":"traitement-de-lymphoedeme","status":"publish","type":"page","link":"https:\/\/dev.chantalpicard.com\/?page_id=21","title":{"rendered":"Traitement de lymphoed\u00e8me et lipod\u00e8me"},"content":{"rendered":"\n<div class=\"wp-block-group alignwide\"><div class=\"wp-block-group__inner-container is-layout-flow wp-block-group-is-layout-flow\">\n<p class=\"has-medium-font-size\">Le traitement de <strong>lymph\u0153d\u00e8me<\/strong> ou de <strong>lipod\u00e8me <\/strong>ou appel\u00e9 la th\u00e9rapie de d\u00e9congestion <strong>(TDC)<\/strong> combin\u00e9 est l&rsquo;utilisation du massage lymphatique, combin\u00e9 avec la compression pour aider \u00e0 r\u00e9duire l&rsquo;\u0153d\u00e8me et \u00e9tablir des exercices lymphatique adapt\u00e9s \u00e0 votre condition.<\/p>\n\n\n\n<p>Vous pouvez d\u00e9j\u00e0 utiliser la compression, on v\u00e9rifie avec vous si elle est appropri\u00e9, si vous portez d\u00e9j\u00e0 un v\u00eatement, peut \u00eatre il vous sera proposer de porter un v\u00eatement \u00e0 velcro ou des bandages multi-couches pour la r\u00e9duction de l&rsquo;\u0153d\u00e8me. Apr\u00e8s r\u00e9duction de l&rsquo;\u0153d\u00e8me vous utiliserez \u00e0 nouveau un v\u00eatement de compression.<\/p>\n\n\n\n<div style=\"height:16px\" aria-hidden=\"true\" class=\"wp-block-spacer\"><\/div>\n<\/div><\/div>\n\n\n\n<div class=\"wp-block-columns is-layout-flex wp-container-core-columns-is-layout-9d6595d7 wp-block-columns-is-layout-flex\">\n<div class=\"wp-block-column is-layout-flow wp-block-column-is-layout-flow\" style=\"flex-basis:100%\">\n<div class=\"wp-block-group alignfull\"><div class=\"wp-block-group__inner-container is-layout-flow wp-block-group-is-layout-flow\">\n<h2 class=\"wp-block-heading\" id=\"Drainage_lymphatique\">Drainage lymphatique<\/h2>\n\n\n\n<p>Le <strong>drainage lymphatique manue<\/strong>l (DLM) est une m\u00e9thode th\u00e9rapeutique unique qui stimule la circulation des fluides dans les tissus. Douces et rythm\u00e9es, les man\u0153uvres de pompage du DLM suivent la direction de la circulation lymphatique et am\u00e8nent des r\u00e9sultats rapides.<\/p>\n\n\n\n<ul class=\"wp-block-list\">\n<li>augmente grandement votre syst\u00e8me immunitaire.<\/li>\n\n\n\n<li>vous aide \u00e0 mieux dormir.<\/li>\n\n\n\n<li>avant une chirurgie augmente les anticorps de votre syst\u00e8me immunitaire qui sont aux aguets s\u2019il y a risque d\u2019infection.<\/li>\n\n\n\n<li>am\u00e9liore la cicatrisation de votre peau, br\u00fblure, plaie ouverte.<\/li>\n\n\n\n<li>Troubles circulatoires<\/li>\n\n\n\n<li>Lymph\u0153d\u00e8mes, \u0153d\u00e8mes, jambes enfl\u00e9es<\/li>\n\n\n\n<li>Insomnie, d\u00e9pression, stress, conditions nerveuses<\/li>\n\n\n\n<li>Cernes, yeux poch\u00e9s<\/li>\n\n\n\n<li>Soulage les tensions et douleurs musculaires<\/li>\n\n\n\n<li>N\u00e9vralgie faciale, migraine<\/li>\n\n\n\n<li>Femme enceinte, pr\u00e9vention de mastite<\/li>\n\n\n\n<li>Probl\u00e8mes chroniques ORL (sinusites, otites, laryngites)<\/li>\n\n\n\n<li>Fibromyalgie<\/li>\n\n\n\n<li>Blessures sportives mineures<\/li>\n\n\n\n<li>Entorses<\/li>\n\n\n\n<li>H\u00e9matomes<\/li>\n\n\n\n<li>Et plus encore\u2026<\/li>\n<\/ul>\n\n\n\n<h2 class=\"wp-block-heading\" id=\"Traitement_lymphoedeme\">Th\u00e9rapie de d\u00e9congestion combin\u00e9 (TDC)<\/h2>\n\n\n\n<p>Selon le besoin, le drainage lymphatique est combin\u00e9e avec la <strong>th\u00e9rapie de d\u00e9congestion combin\u00e9e<\/strong> (TDC). Cette combinaison de ces techniques me permet de donner des traitements sp\u00e9cifiques aux gens atteints de lymph\u0153d\u00e8mes, \u00e0 la suite d&rsquo;une intervention chirurgical, le cancer du sein, de radioth\u00e9rapie, d&rsquo;insuffisance veineuse, de malformations cong\u00e9nitales, de traumatisme, de br\u00fblure, de plaies ouvertes, migraine, asthme, etc.<\/p>\n\n\n\n<p>Selon le besoin je peux montrer des exercices th\u00e9rapeutiques <strong><a href=\"https:\/\/dev.chantalpicard.com\/service\/\" target=\"_blank\" rel=\"noreferrer noopener\">M\u00e9thode Lebed<\/a><\/strong>, exercice en piscine selon la <a href=\"https:\/\/dev.chantalpicard.com\/tag\/methode-tidhar\/\">M\u00e9thode Tidhar<\/a>.<\/p>\n\n\n\n<p>Tout en combinant la th\u00e9rapie manuel et les <a href=\"https:\/\/dev.chantalpicard.com\/exercices_lymphatique\/\">exercices<\/a> avec les bandages de compression.<\/p>\n<\/div><\/div>\n<\/div>\n<\/div>\n\n\n\n<div class=\"wp-block-group is-content-justification-center is-nowrap is-layout-flex wp-container-core-group-is-layout-94bc23d7 wp-block-group-is-layout-flex\">\n<div class=\"wp-block-buttons is-layout-flex wp-block-buttons-is-layout-flex\">\n<div class=\"wp-block-button is-style-outline is-style-outline--1\"><a class=\"wp-block-button__link has-white-color has-text-color has-background has-link-color wp-element-button\" href=\"https:\/\/dev.chantalpicard.com\/exercices_lymphatique\/\" style=\"background-color:#9cbe9c\">Exercices lymphatique<\/a><\/div>\n<\/div>\n\n\n\n<figure class=\"wp-block-image size-full is-resized\"><img loading=\"lazy\" decoding=\"async\" width=\"477\" height=\"412\" src=\"https:\/\/dev.chantalpicard.com\/wp-content\/uploads\/2022\/02\/Tidar.jpg\" alt=\"Th\u00e9rapie aqua-lymphatique M\u00e9thode Tidhar\" class=\"wp-image-38\" style=\"width:176px;height:auto\" srcset=\"https:\/\/dev.chantalpicard.com\/wp-content\/uploads\/2022\/02\/Tidar.jpg 477w, https:\/\/dev.chantalpicard.com\/wp-content\/uploads\/2022\/02\/Tidar-300x259.jpg 300w\" sizes=\"auto, (max-width: 477px) 100vw, 477px\" \/><\/figure>\n<\/div>\n","protected":false},"excerpt":{"rendered":"<p>La th\u00e9rapie de d\u00e9congestion combin\u00e9e (TDC). Cette combinaison de ces techniques me permet de donner des traitements sp\u00e9cifiques aux gens atteints de lymphoed\u00e8mes &#038; de lipod\u00e8mes. Utilisant le drainage lymphatique, exercices et v\u00eatements de compression.<\/p>\n","protected":false},"author":1,"featured_media":33,"parent":0,"menu_order":0,"comment_status":"closed","ping_status":"closed","template":"","meta":{"_seopress_robots_primary_cat":"","_seopress_titles_title":"","_seopress_titles_desc":"","_seopress_robots_index":"","footnotes":""},"class_list":["post-21","page","type-page","status-publish","has-post-thumbnail","hentry","latest_post"],"yoast_head":"<!-- This site is optimized with the Yoast SEO plugin v27.5 - https:\/\/yoast.com\/product\/yoast-seo-wordpress\/ -->\n<title>Traitement de lymphoed\u00e8me et lipod\u00e8me - Chantal Picard<\/title>\n<meta name=\"robots\" content=\"index, follow, max-snippet:-1, max-image-preview:large, max-video-preview:-1\" \/>\n<link rel=\"canonical\" href=\"https:\/\/dev.chantalpicard.com\/?page_id=21\" \/>\n<meta property=\"og:locale\" content=\"fr_CA\" \/>\n<meta property=\"og:type\" content=\"article\" \/>\n<meta property=\"og:title\" content=\"Traitement de lymphoed\u00e8me et lipod\u00e8me - Chantal Picard\" \/>\n<meta property=\"og:description\" content=\"La th\u00e9rapie de d\u00e9congestion combin\u00e9e (TDC). Cette combinaison de ces techniques me permet de donner des traitements sp\u00e9cifiques aux gens atteints de lymphoed\u00e8mes &amp; de lipod\u00e8mes. Utilisant le drainage lymphatique, exercices et v\u00eatements de compression.\" \/>\n<meta property=\"og:url\" content=\"https:\/\/dev.chantalpicard.com\/?page_id=21\" \/>\n<meta property=\"og:site_name\" content=\"Chantal Picard\" \/>\n<meta property=\"article:modified_time\" content=\"2024-07-15T02:10:33+00:00\" \/>\n<meta property=\"og:image\" content=\"https:\/\/dev.chantalpicard.com\/wp-content\/uploads\/2022\/02\/photoMethodeTidhar.jpg\" \/>\n\t<meta property=\"og:image:width\" content=\"533\" \/>\n\t<meta property=\"og:image:height\" content=\"397\" \/>\n\t<meta property=\"og:image:type\" content=\"image\/jpeg\" \/>\n<meta name=\"twitter:card\" content=\"summary_large_image\" \/>\n<meta name=\"twitter:label1\" content=\"Estimation du temps de lecture\" \/>\n\t<meta name=\"twitter:data1\" content=\"3 minutes\" \/>\n<script type=\"application\/ld+json\" class=\"yoast-schema-graph\">{\"@context\":\"https:\\\/\\\/schema.org\",\"@graph\":[{\"@type\":\"WebPage\",\"@id\":\"https:\\\/\\\/dev.chantalpicard.com\\\/?page_id=21\",\"url\":\"https:\\\/\\\/dev.chantalpicard.com\\\/?page_id=21\",\"name\":\"Traitement de lymphoed\u00e8me et lipod\u00e8me - Chantal Picard\",\"isPartOf\":{\"@id\":\"https:\\\/\\\/dev.chantalpicard.com\\\/#website\"},\"primaryImageOfPage\":{\"@id\":\"https:\\\/\\\/dev.chantalpicard.com\\\/?page_id=21#primaryimage\"},\"image\":{\"@id\":\"https:\\\/\\\/dev.chantalpicard.com\\\/?page_id=21#primaryimage\"},\"thumbnailUrl\":\"https:\\\/\\\/dev.chantalpicard.com\\\/wp-content\\\/uploads\\\/2022\\\/02\\\/photoMethodeTidhar.jpg\",\"datePublished\":\"2022-02-07T20:21:58+00:00\",\"dateModified\":\"2024-07-15T02:10:33+00:00\",\"breadcrumb\":{\"@id\":\"https:\\\/\\\/dev.chantalpicard.com\\\/?page_id=21#breadcrumb\"},\"inLanguage\":\"fr-CA\",\"potentialAction\":[{\"@type\":\"ReadAction\",\"target\":[\"https:\\\/\\\/dev.chantalpicard.com\\\/?page_id=21\"]}]},{\"@type\":\"ImageObject\",\"inLanguage\":\"fr-CA\",\"@id\":\"https:\\\/\\\/dev.chantalpicard.com\\\/?page_id=21#primaryimage\",\"url\":\"https:\\\/\\\/dev.chantalpicard.com\\\/wp-content\\\/uploads\\\/2022\\\/02\\\/photoMethodeTidhar.jpg\",\"contentUrl\":\"https:\\\/\\\/dev.chantalpicard.com\\\/wp-content\\\/uploads\\\/2022\\\/02\\\/photoMethodeTidhar.jpg\",\"width\":533,\"height\":397},{\"@type\":\"BreadcrumbList\",\"@id\":\"https:\\\/\\\/dev.chantalpicard.com\\\/?page_id=21#breadcrumb\",\"itemListElement\":[{\"@type\":\"ListItem\",\"position\":1,\"name\":\"Accueil\",\"item\":\"https:\\\/\\\/dev.chantalpicard.com\\\/\"},{\"@type\":\"ListItem\",\"position\":2,\"name\":\"Traitement de lymphoed\u00e8me et lipod\u00e8me\"}]},{\"@type\":\"WebSite\",\"@id\":\"https:\\\/\\\/dev.chantalpicard.com\\\/#website\",\"url\":\"https:\\\/\\\/dev.chantalpicard.com\\\/\",\"name\":\"Chantal Picard\",\"description\":\"MASSOTH\u00c9RAPEUTE\",\"publisher\":{\"@id\":\"https:\\\/\\\/dev.chantalpicard.com\\\/#organization\"},\"potentialAction\":[{\"@type\":\"SearchAction\",\"target\":{\"@type\":\"EntryPoint\",\"urlTemplate\":\"https:\\\/\\\/dev.chantalpicard.com\\\/?s={search_term_string}\"},\"query-input\":{\"@type\":\"PropertyValueSpecification\",\"valueRequired\":true,\"valueName\":\"search_term_string\"}}],\"inLanguage\":\"fr-CA\"},{\"@type\":\"Organization\",\"@id\":\"https:\\\/\\\/dev.chantalpicard.com\\\/#organization\",\"name\":\"Chantal Picard\",\"url\":\"https:\\\/\\\/dev.chantalpicard.com\\\/\",\"logo\":{\"@type\":\"ImageObject\",\"inLanguage\":\"fr-CA\",\"@id\":\"https:\\\/\\\/dev.chantalpicard.com\\\/#\\\/schema\\\/logo\\\/image\\\/\",\"url\":\"https:\\\/\\\/dev.chantalpicard.com\\\/wp-content\\\/uploads\\\/2024\\\/06\\\/Chantal-Picard-Massotherapeute-Longueuil-rive-sud-drainage-lymphatique.png\",\"contentUrl\":\"https:\\\/\\\/dev.chantalpicard.com\\\/wp-content\\\/uploads\\\/2024\\\/06\\\/Chantal-Picard-Massotherapeute-Longueuil-rive-sud-drainage-lymphatique.png\",\"width\":337,\"height\":286,\"caption\":\"Chantal Picard\"},\"image\":{\"@id\":\"https:\\\/\\\/dev.chantalpicard.com\\\/#\\\/schema\\\/logo\\\/image\\\/\"}}]}<\/script>\n<!-- \/ Yoast SEO plugin. -->","yoast_head_json":{"title":"Traitement de lymphoed\u00e8me et lipod\u00e8me - Chantal Picard","robots":{"index":"index","follow":"follow","max-snippet":"max-snippet:-1","max-image-preview":"max-image-preview:large","max-video-preview":"max-video-preview:-1"},"canonical":"https:\/\/dev.chantalpicard.com\/?page_id=21","og_locale":"fr_CA","og_type":"article","og_title":"Traitement de lymphoed\u00e8me et lipod\u00e8me - Chantal Picard","og_description":"La th\u00e9rapie de d\u00e9congestion combin\u00e9e (TDC). Cette combinaison de ces techniques me permet de donner des traitements sp\u00e9cifiques aux gens atteints de lymphoed\u00e8mes & de lipod\u00e8mes. Utilisant le drainage lymphatique, exercices et v\u00eatements de compression.","og_url":"https:\/\/dev.chantalpicard.com\/?page_id=21","og_site_name":"Chantal Picard","article_modified_time":"2024-07-15T02:10:33+00:00","og_image":[{"width":533,"height":397,"url":"https:\/\/dev.chantalpicard.com\/wp-content\/uploads\/2022\/02\/photoMethodeTidhar.jpg","type":"image\/jpeg"}],"twitter_card":"summary_large_image","twitter_misc":{"Estimation du temps de lecture":"3 minutes"},"schema":{"@context":"https:\/\/schema.org","@graph":[{"@type":"WebPage","@id":"https:\/\/dev.chantalpicard.com\/?page_id=21","url":"https:\/\/dev.chantalpicard.com\/?page_id=21","name":"Traitement de lymphoed\u00e8me et lipod\u00e8me - Chantal Picard","isPartOf":{"@id":"https:\/\/dev.chantalpicard.com\/#website"},"primaryImageOfPage":{"@id":"https:\/\/dev.chantalpicard.com\/?page_id=21#primaryimage"},"image":{"@id":"https:\/\/dev.chantalpicard.com\/?page_id=21#primaryimage"},"thumbnailUrl":"https:\/\/dev.chantalpicard.com\/wp-content\/uploads\/2022\/02\/photoMethodeTidhar.jpg","datePublished":"2022-02-07T20:21:58+00:00","dateModified":"2024-07-15T02:10:33+00:00","breadcrumb":{"@id":"https:\/\/dev.chantalpicard.com\/?page_id=21#breadcrumb"},"inLanguage":"fr-CA","potentialAction":[{"@type":"ReadAction","target":["https:\/\/dev.chantalpicard.com\/?page_id=21"]}]},{"@type":"ImageObject","inLanguage":"fr-CA","@id":"https:\/\/dev.chantalpicard.com\/?page_id=21#primaryimage","url":"https:\/\/dev.chantalpicard.com\/wp-content\/uploads\/2022\/02\/photoMethodeTidhar.jpg","contentUrl":"https:\/\/dev.chantalpicard.com\/wp-content\/uploads\/2022\/02\/photoMethodeTidhar.jpg","width":533,"height":397},{"@type":"BreadcrumbList","@id":"https:\/\/dev.chantalpicard.com\/?page_id=21#breadcrumb","itemListElement":[{"@type":"ListItem","position":1,"name":"Accueil","item":"https:\/\/dev.chantalpicard.com\/"},{"@type":"ListItem","position":2,"name":"Traitement de lymphoed\u00e8me et lipod\u00e8me"}]},{"@type":"WebSite","@id":"https:\/\/dev.chantalpicard.com\/#website","url":"https:\/\/dev.chantalpicard.com\/","name":"Chantal Picard","description":"MASSOTH\u00c9RAPEUTE","publisher":{"@id":"https:\/\/dev.chantalpicard.com\/#organization"},"potentialAction":[{"@type":"SearchAction","target":{"@type":"EntryPoint","urlTemplate":"https:\/\/dev.chantalpicard.com\/?s={search_term_string}"},"query-input":{"@type":"PropertyValueSpecification","valueRequired":true,"valueName":"search_term_string"}}],"inLanguage":"fr-CA"},{"@type":"Organization","@id":"https:\/\/dev.chantalpicard.com\/#organization","name":"Chantal Picard","url":"https:\/\/dev.chantalpicard.com\/","logo":{"@type":"ImageObject","inLanguage":"fr-CA","@id":"https:\/\/dev.chantalpicard.com\/#\/schema\/logo\/image\/","url":"https:\/\/dev.chantalpicard.com\/wp-content\/uploads\/2024\/06\/Chantal-Picard-Massotherapeute-Longueuil-rive-sud-drainage-lymphatique.png","contentUrl":"https:\/\/dev.chantalpicard.com\/wp-content\/uploads\/2024\/06\/Chantal-Picard-Massotherapeute-Longueuil-rive-sud-drainage-lymphatique.png","width":337,"height":286,"caption":"Chantal Picard"},"image":{"@id":"https:\/\/dev.chantalpicard.com\/#\/schema\/logo\/image\/"}}]}},"_links":{"self":[{"href":"https:\/\/dev.chantalpicard.com\/index.php?rest_route=\/wp\/v2\/pages\/21","targetHints":{"allow":["GET"]}}],"collection":[{"href":"https:\/\/dev.chantalpicard.com\/index.php?rest_route=\/wp\/v2\/pages"}],"about":[{"href":"https:\/\/dev.chantalpicard.com\/index.php?rest_route=\/wp\/v2\/types\/page"}],"author":[{"embeddable":true,"href":"https:\/\/dev.chantalpicard.com\/index.php?rest_route=\/wp\/v2\/users\/1"}],"replies":[{"embeddable":true,"href":"https:\/\/dev.chantalpicard.com\/index.php?rest_route=%2Fwp%2Fv2%2Fcomments&post=21"}],"version-history":[{"count":20,"href":"https:\/\/dev.chantalpicard.com\/index.php?rest_route=\/wp\/v2\/pages\/21\/revisions"}],"predecessor-version":[{"id":410,"href":"https:\/\/dev.chantalpicard.com\/index.php?rest_route=\/wp\/v2\/pages\/21\/revisions\/410"}],"wp:featuredmedia":[{"embeddable":true,"href":"https:\/\/dev.chantalpicard.com\/index.php?rest_route=\/wp\/v2\/media\/33"}],"wp:attachment":[{"href":"https:\/\/dev.chantalpicard.com\/index.php?rest_route=%2Fwp%2Fv2%2Fmedia&parent=21"}],"curies":[{"name":"wp","href":"https:\/\/api.w.org\/{rel}","templated":true}]}}