{"id":7,"date":"2022-02-07T14:08:21","date_gmt":"2022-02-07T19:08:21","guid":{"rendered":"https:\/\/dev.chantalpicard.com\/?page_id=7"},"modified":"2024-04-30T21:13:41","modified_gmt":"2024-05-01T01:13:41","slug":"massotherapeute-drainage-lymphatique-longueuil","status":"publish","type":"page","link":"https:\/\/dev.chantalpicard.com\/","title":{"rendered":"Accueil"},"content":{"rendered":"\n<figure class=\"wp-block-image alignwide size-full is-style-twentytwentyone-image-frame is-style-default\"><img loading=\"lazy\" decoding=\"async\" width=\"851\" height=\"315\" src=\"https:\/\/dev.chantalpicard.com\/wp-content\/uploads\/2022\/02\/entetepagefacebook.jpg\" alt=\"\" class=\"wp-image-27\" srcset=\"https:\/\/dev.chantalpicard.com\/wp-content\/uploads\/2022\/02\/entetepagefacebook.jpg 851w, https:\/\/dev.chantalpicard.com\/wp-content\/uploads\/2022\/02\/entetepagefacebook-300x111.jpg 300w, https:\/\/dev.chantalpicard.com\/wp-content\/uploads\/2022\/02\/entetepagefacebook-768x284.jpg 768w\" sizes=\"auto, (max-width: 851px) 100vw, 851px\" \/><figcaption class=\"wp-element-caption\"><strong>La solution c&rsquo;est la pr\u00e9vention<\/strong><\/figcaption><\/figure>\n\n\n\n<div class=\"wp-block-columns alignwide is-layout-flex wp-container-core-columns-is-layout-9d6595d7 wp-block-columns-is-layout-flex\">\n<div class=\"wp-block-column is-layout-flow wp-block-column-is-layout-flow\">\n<p class=\"has-text-align-center has-secondary-background-color has-background has-medium-font-size\">Massoth\u00e9rapeute agr\u00e9e, membre de la <a href=\"https:\/\/www.fqm.qc.ca\/massotherapie\/bienfaits\/\" data-type=\"URL\" data-id=\"https:\/\/www.fqm.qc.ca\/massotherapie\/bienfaits\/\"><strong>FQM<\/strong><\/a> depuis 2005.<\/p>\n<\/div>\n<\/div>\n\n\n\n<div class=\"wp-block-group alignwide\"><div class=\"wp-block-group__inner-container is-layout-flow wp-block-group-is-layout-flow\">\n<p>Avec mes 19 ans d\u2019exp\u00e9rience, je suis \u00e0 votre disposition pour des services personnalis\u00e9s <\/p>\n<\/div><\/div>\n\n\n\n<ul class=\"wp-block-list\">\n<li>Traitements de lymphoed\u00e8me<\/li>\n\n\n\n<li>Exercices lymphatiques Tidhar &amp; Lebed<\/li>\n\n\n\n<li>Massage th\u00e9rapeutique<\/li>\n\n\n\n<li>Guasha G-IASTM (Soft tissue mobilization)<\/li>\n<\/ul>\n\n\n\n<div class=\"wp-block-columns is-layout-flex wp-container-core-columns-is-layout-9d6595d7 wp-block-columns-is-layout-flex\">\n<div class=\"wp-block-column is-layout-flow wp-block-column-is-layout-flow\" style=\"flex-basis:100%\"><\/div>\n<\/div>\n\n\n\n<div style=\"height:43px\" aria-hidden=\"true\" class=\"wp-block-spacer\"><\/div>\n\n\n\n<div class=\"wp-block-columns alignwide is-layout-flex wp-container-core-columns-is-layout-9d6595d7 wp-block-columns-is-layout-flex\">\n<div class=\"wp-block-column is-layout-flow wp-block-column-is-layout-flow\">\n<p class=\"has-large-font-size\"><br>En faisant appel \u00e0 mes services,       vous b\u00e9n\u00e9ficierez&nbsp;:<\/p>\n\n\n\n<ul class=\"wp-block-list\">\n<li>D\u2019un traitement sp\u00e9cialis\u00e9<\/li>\n\n\n\n<li>Du savoir-faire d\u2019une massoth\u00e9rapeute agr\u00e9\u00e9e<\/li>\n\n\n\n<li>De mon exp\u00e9rience de plusieurs ann\u00e9es<\/li>\n<\/ul>\n<\/div>\n\n\n\n<div class=\"wp-block-column is-layout-flow wp-block-column-is-layout-flow\">\n<div style=\"height:93px\" aria-hidden=\"true\" class=\"wp-block-spacer\"><\/div>\n\n\n\n<p class=\"has-text-align-center has-large-font-size\">Demande d&rsquo;informations<\/p>\n\n\n\n<div class=\"wp-block-buttons is-content-justification-center is-layout-flex wp-container-core-buttons-is-layout-16018d1d wp-block-buttons-is-layout-flex\">\n<div class=\"wp-block-button\"><a class=\"wp-block-button__link wp-element-button\">PRENDRE CONTACT<\/a><\/div>\n<\/div>\n<\/div>\n<\/div>\n","protected":false},"excerpt":{"rendered":"<p>Massoth\u00e9rapeute agr\u00e9e, membre de la FQM depuis 2005. Avec mes 19 ans d\u2019exp\u00e9rience, je suis \u00e0 votre disposition pour des services personnalis\u00e9s En faisant appel \u00e0 mes services, vous b\u00e9n\u00e9ficierez&nbsp;: &hellip; <\/p>\n","protected":false},"author":1,"featured_media":0,"parent":0,"menu_order":0,"comment_status":"closed","ping_status":"closed","template":"","meta":{"_seopress_robots_primary_cat":"","_seopress_titles_title":"","_seopress_titles_desc":"","_seopress_robots_index":"","footnotes":""},"class_list":["post-7","page","type-page","status-publish","hentry","latest_post"],"yoast_head":"<!-- This site is optimized with the Yoast SEO plugin v27.5 - https:\/\/yoast.com\/product\/yoast-seo-wordpress\/ -->\n<title>Massoth\u00e9rapeute agr\u00e9e | St-Hubert - Longueuil<\/title>\n<meta name=\"description\" content=\"Chantal Picard Massoth\u00e9rapeute membre de la FQM depuis 2004, Massage th\u00e9rapeutique situ\u00e9 dans la r\u00e9gion de Longueuil. Massage th\u00e9rapeutique, drainage lymphatique, myofascialogie, lymphoed\u00e8me.\" \/>\n<meta name=\"robots\" content=\"index, follow, max-snippet:-1, max-image-preview:large, max-video-preview:-1\" \/>\n<link rel=\"canonical\" href=\"https:\/\/dev.chantalpicard.com\/\" \/>\n<meta property=\"og:locale\" content=\"fr_CA\" \/>\n<meta property=\"og:type\" content=\"article\" \/>\n<meta property=\"og:title\" content=\"Massoth\u00e9rapeute agr\u00e9e | St-Hubert - Longueuil\" \/>\n<meta property=\"og:description\" content=\"Chantal Picard Massoth\u00e9rapeute membre de la FQM depuis 2004, Massage th\u00e9rapeutique situ\u00e9 dans la r\u00e9gion de Longueuil. Massage th\u00e9rapeutique, drainage lymphatique, myofascialogie, lymphoed\u00e8me.\" \/>\n<meta property=\"og:url\" content=\"https:\/\/dev.chantalpicard.com\/\" \/>\n<meta property=\"og:site_name\" content=\"Chantal Picard\" \/>\n<meta property=\"article:modified_time\" content=\"2024-05-01T01:13:41+00:00\" \/>\n<meta property=\"og:image\" content=\"https:\/\/dev.chantalpicard.com\/wp-content\/uploads\/2022\/02\/entetepagefacebook.jpg\" \/>\n<meta name=\"twitter:card\" content=\"summary_large_image\" \/>\n<meta name=\"twitter:label1\" content=\"Estimation du temps de lecture\" \/>\n\t<meta name=\"twitter:data1\" content=\"1 minute\" \/>\n<script type=\"application\/ld+json\" class=\"yoast-schema-graph\">{\"@context\":\"https:\\\/\\\/schema.org\",\"@graph\":[{\"@type\":\"WebPage\",\"@id\":\"https:\\\/\\\/dev.chantalpicard.com\\\/\",\"url\":\"https:\\\/\\\/dev.chantalpicard.com\\\/\",\"name\":\"Massoth\u00e9rapeute agr\u00e9e | St-Hubert - Longueuil\",\"isPartOf\":{\"@id\":\"https:\\\/\\\/dev.chantalpicard.com\\\/#website\"},\"primaryImageOfPage\":{\"@id\":\"https:\\\/\\\/dev.chantalpicard.com\\\/#primaryimage\"},\"image\":{\"@id\":\"https:\\\/\\\/dev.chantalpicard.com\\\/#primaryimage\"},\"thumbnailUrl\":\"https:\\\/\\\/dev.chantalpicard.com\\\/wp-content\\\/uploads\\\/2022\\\/02\\\/entetepagefacebook.jpg\",\"datePublished\":\"2022-02-07T19:08:21+00:00\",\"dateModified\":\"2024-05-01T01:13:41+00:00\",\"description\":\"Chantal Picard Massoth\u00e9rapeute membre de la FQM depuis 2004, Massage th\u00e9rapeutique situ\u00e9 dans la r\u00e9gion de Longueuil. Massage th\u00e9rapeutique, drainage lymphatique, myofascialogie, lymphoed\u00e8me.\",\"breadcrumb\":{\"@id\":\"https:\\\/\\\/dev.chantalpicard.com\\\/#breadcrumb\"},\"inLanguage\":\"fr-CA\",\"potentialAction\":[{\"@type\":\"ReadAction\",\"target\":[\"https:\\\/\\\/dev.chantalpicard.com\\\/\"]}]},{\"@type\":\"ImageObject\",\"inLanguage\":\"fr-CA\",\"@id\":\"https:\\\/\\\/dev.chantalpicard.com\\\/#primaryimage\",\"url\":\"https:\\\/\\\/dev.chantalpicard.com\\\/wp-content\\\/uploads\\\/2022\\\/02\\\/entetepagefacebook.jpg\",\"contentUrl\":\"https:\\\/\\\/dev.chantalpicard.com\\\/wp-content\\\/uploads\\\/2022\\\/02\\\/entetepagefacebook.jpg\",\"width\":851,\"height\":315},{\"@type\":\"BreadcrumbList\",\"@id\":\"https:\\\/\\\/dev.chantalpicard.com\\\/#breadcrumb\",\"itemListElement\":[{\"@type\":\"ListItem\",\"position\":1,\"name\":\"Accueil\",\"item\":\"https:\\\/\\\/dev.chantalpicard.com\\\/\"},{\"@type\":\"ListItem\",\"position\":2,\"name\":\"Accueil\"}]},{\"@type\":\"WebSite\",\"@id\":\"https:\\\/\\\/dev.chantalpicard.com\\\/#website\",\"url\":\"https:\\\/\\\/dev.chantalpicard.com\\\/\",\"name\":\"Chantal Picard\",\"description\":\"MASSOTH\u00c9RAPEUTE\",\"publisher\":{\"@id\":\"https:\\\/\\\/dev.chantalpicard.com\\\/#organization\"},\"potentialAction\":[{\"@type\":\"SearchAction\",\"target\":{\"@type\":\"EntryPoint\",\"urlTemplate\":\"https:\\\/\\\/dev.chantalpicard.com\\\/?s={search_term_string}\"},\"query-input\":{\"@type\":\"PropertyValueSpecification\",\"valueRequired\":true,\"valueName\":\"search_term_string\"}}],\"inLanguage\":\"fr-CA\"},{\"@type\":\"Organization\",\"@id\":\"https:\\\/\\\/dev.chantalpicard.com\\\/#organization\",\"name\":\"Chantal Picard\",\"url\":\"https:\\\/\\\/dev.chantalpicard.com\\\/\",\"logo\":{\"@type\":\"ImageObject\",\"inLanguage\":\"fr-CA\",\"@id\":\"https:\\\/\\\/dev.chantalpicard.com\\\/#\\\/schema\\\/logo\\\/image\\\/\",\"url\":\"https:\\\/\\\/dev.chantalpicard.com\\\/wp-content\\\/uploads\\\/2024\\\/06\\\/Chantal-Picard-Massotherapeute-Longueuil-rive-sud-drainage-lymphatique.png\",\"contentUrl\":\"https:\\\/\\\/dev.chantalpicard.com\\\/wp-content\\\/uploads\\\/2024\\\/06\\\/Chantal-Picard-Massotherapeute-Longueuil-rive-sud-drainage-lymphatique.png\",\"width\":337,\"height\":286,\"caption\":\"Chantal Picard\"},\"image\":{\"@id\":\"https:\\\/\\\/dev.chantalpicard.com\\\/#\\\/schema\\\/logo\\\/image\\\/\"}}]}<\/script>\n<!-- \/ Yoast SEO plugin. -->","yoast_head_json":{"title":"Massoth\u00e9rapeute agr\u00e9e | St-Hubert - Longueuil","description":"Chantal Picard Massoth\u00e9rapeute membre de la FQM depuis 2004, Massage th\u00e9rapeutique situ\u00e9 dans la r\u00e9gion de Longueuil. Massage th\u00e9rapeutique, drainage lymphatique, myofascialogie, lymphoed\u00e8me.","robots":{"index":"index","follow":"follow","max-snippet":"max-snippet:-1","max-image-preview":"max-image-preview:large","max-video-preview":"max-video-preview:-1"},"canonical":"https:\/\/dev.chantalpicard.com\/","og_locale":"fr_CA","og_type":"article","og_title":"Massoth\u00e9rapeute agr\u00e9e | St-Hubert - Longueuil","og_description":"Chantal Picard Massoth\u00e9rapeute membre de la FQM depuis 2004, Massage th\u00e9rapeutique situ\u00e9 dans la r\u00e9gion de Longueuil. Massage th\u00e9rapeutique, drainage lymphatique, myofascialogie, lymphoed\u00e8me.","og_url":"https:\/\/dev.chantalpicard.com\/","og_site_name":"Chantal Picard","article_modified_time":"2024-05-01T01:13:41+00:00","og_image":[{"url":"https:\/\/dev.chantalpicard.com\/wp-content\/uploads\/2022\/02\/entetepagefacebook.jpg","type":"","width":"","height":""}],"twitter_card":"summary_large_image","twitter_misc":{"Estimation du temps de lecture":"1 minute"},"schema":{"@context":"https:\/\/schema.org","@graph":[{"@type":"WebPage","@id":"https:\/\/dev.chantalpicard.com\/","url":"https:\/\/dev.chantalpicard.com\/","name":"Massoth\u00e9rapeute agr\u00e9e | St-Hubert - Longueuil","isPartOf":{"@id":"https:\/\/dev.chantalpicard.com\/#website"},"primaryImageOfPage":{"@id":"https:\/\/dev.chantalpicard.com\/#primaryimage"},"image":{"@id":"https:\/\/dev.chantalpicard.com\/#primaryimage"},"thumbnailUrl":"https:\/\/dev.chantalpicard.com\/wp-content\/uploads\/2022\/02\/entetepagefacebook.jpg","datePublished":"2022-02-07T19:08:21+00:00","dateModified":"2024-05-01T01:13:41+00:00","description":"Chantal Picard Massoth\u00e9rapeute membre de la FQM depuis 2004, Massage th\u00e9rapeutique situ\u00e9 dans la r\u00e9gion de Longueuil. Massage th\u00e9rapeutique, drainage lymphatique, myofascialogie, lymphoed\u00e8me.","breadcrumb":{"@id":"https:\/\/dev.chantalpicard.com\/#breadcrumb"},"inLanguage":"fr-CA","potentialAction":[{"@type":"ReadAction","target":["https:\/\/dev.chantalpicard.com\/"]}]},{"@type":"ImageObject","inLanguage":"fr-CA","@id":"https:\/\/dev.chantalpicard.com\/#primaryimage","url":"https:\/\/dev.chantalpicard.com\/wp-content\/uploads\/2022\/02\/entetepagefacebook.jpg","contentUrl":"https:\/\/dev.chantalpicard.com\/wp-content\/uploads\/2022\/02\/entetepagefacebook.jpg","width":851,"height":315},{"@type":"BreadcrumbList","@id":"https:\/\/dev.chantalpicard.com\/#breadcrumb","itemListElement":[{"@type":"ListItem","position":1,"name":"Accueil","item":"https:\/\/dev.chantalpicard.com\/"},{"@type":"ListItem","position":2,"name":"Accueil"}]},{"@type":"WebSite","@id":"https:\/\/dev.chantalpicard.com\/#website","url":"https:\/\/dev.chantalpicard.com\/","name":"Chantal Picard","description":"MASSOTH\u00c9RAPEUTE","publisher":{"@id":"https:\/\/dev.chantalpicard.com\/#organization"},"potentialAction":[{"@type":"SearchAction","target":{"@type":"EntryPoint","urlTemplate":"https:\/\/dev.chantalpicard.com\/?s={search_term_string}"},"query-input":{"@type":"PropertyValueSpecification","valueRequired":true,"valueName":"search_term_string"}}],"inLanguage":"fr-CA"},{"@type":"Organization","@id":"https:\/\/dev.chantalpicard.com\/#organization","name":"Chantal Picard","url":"https:\/\/dev.chantalpicard.com\/","logo":{"@type":"ImageObject","inLanguage":"fr-CA","@id":"https:\/\/dev.chantalpicard.com\/#\/schema\/logo\/image\/","url":"https:\/\/dev.chantalpicard.com\/wp-content\/uploads\/2024\/06\/Chantal-Picard-Massotherapeute-Longueuil-rive-sud-drainage-lymphatique.png","contentUrl":"https:\/\/dev.chantalpicard.com\/wp-content\/uploads\/2024\/06\/Chantal-Picard-Massotherapeute-Longueuil-rive-sud-drainage-lymphatique.png","width":337,"height":286,"caption":"Chantal Picard"},"image":{"@id":"https:\/\/dev.chantalpicard.com\/#\/schema\/logo\/image\/"}}]}},"_links":{"self":[{"href":"https:\/\/dev.chantalpicard.com\/index.php?rest_route=\/wp\/v2\/pages\/7","targetHints":{"allow":["GET"]}}],"collection":[{"href":"https:\/\/dev.chantalpicard.com\/index.php?rest_route=\/wp\/v2\/pages"}],"about":[{"href":"https:\/\/dev.chantalpicard.com\/index.php?rest_route=\/wp\/v2\/types\/page"}],"author":[{"embeddable":true,"href":"https:\/\/dev.chantalpicard.com\/index.php?rest_route=\/wp\/v2\/users\/1"}],"replies":[{"embeddable":true,"href":"https:\/\/dev.chantalpicard.com\/index.php?rest_route=%2Fwp%2Fv2%2Fcomments&post=7"}],"version-history":[{"count":21,"href":"https:\/\/dev.chantalpicard.com\/index.php?rest_route=\/wp\/v2\/pages\/7\/revisions"}],"predecessor-version":[{"id":186,"href":"https:\/\/dev.chantalpicard.com\/index.php?rest_route=\/wp\/v2\/pages\/7\/revisions\/186"}],"wp:attachment":[{"href":"https:\/\/dev.chantalpicard.com\/index.php?rest_route=%2Fwp%2Fv2%2Fmedia&parent=7"}],"curies":[{"name":"wp","href":"https:\/\/api.w.org\/{rel}","templated":true}]}}